
7
What is the remainder when 27 - 2/(4/8*-4) is divided by 6?
4
Let q = -7 + 4. Let z(x) be the third derivative of -3*x**4/8 - x**3/3 + 7*x**2. Calculate the remainder when z(q) is divided by 13.
12
Suppose 5*q - 4*q = -g + 70, -4*g + 265 = -q. Let w = 24 - 7. Calculate the remainder when g is divided by w.
16
Suppose 6*g + 201 = 741. What is the remainder when g is divided by 4?
2
Suppose -3*z - 38 = -2*x - 5*z, 2*x + z - 35 = 0. Suppose -124 = -5*h + x. Calculate the remainder when h is divided by 16.
12
Let j(z) = z**3 + 6*z**2 + 3*z - 3. Let d(m) = -5*m**3 - 24*m**2 - 13*m + 12. Let u(w) = 2*d(w) + 9*j(w). Calculate the remainder when 7 is divided by u(6).
1
Let x be (-11)/(-6) + 4/24. Suppose -104 = -2*u - x*u. Calculate the remainder when u is divided by 14.
12
Let u(l) = l + 1. Let m(q) = -2*q**2 - 8*q + 5. Let a(x) = -m(x) + 3*u(x). Let f = -11 - -31. Calculate the remainder when a(-8) is divided by f.
18
Let h(d) = d**2 - 11*d - 33. Let f = 19 + -5. What is the remainder when f is divided by h(14)?
5
Let r = 27 - -32. Suppose 0 = -2*t - 6 + 86. Suppose -t = -3*f + f. What is the remainder when r is divided by f?
19
Let z(y) = -12*y - 2. Let m be z(-4). Let d = m + -19. Calculate the remainder when d is divided by 15.
12
Suppose -176 = -12*v + 580. Calculate the remainder when v is divided by 14.
7
Suppose 7*k - 18 = 24. Let b be ((-4)/6)/((-2)/3). What is the remainder when k is divided by b*(0 + (6 - 2))?
2
Let x be ((-9)/18)/(2/668). Let m = -119 - x. Calculate the remainder when m is divided by 25.
23
Let t(r) = -r**3 - 4*r**2 + 2*r - 5. Let a(l) = l - 1. Let i(q) = 2*a(q) - t(q). What is the remainder when 11 is divided by i(-4)?
2
Let f = -7 + 10. Suppose p - 26 = -4*k, 3*k + 2*k + f*p = 29. Calculate the remainder when 25 is divided by k.
4
Suppose 0 = -4*n + 12, 4*z = -8*n + 12*n + 68. Calculate the remainder when 118 is divided by z.
18
Let f be (-2)/7 + 99/77. Suppose 5*m = f + 4. Suppose -36 = -4*d + 2*l, 22 + m = d + 3*l. Calculate the remainder when d is divided by 3.
2
Suppose 3*o + 4*r = 7*o - 16, r = -1. Let c = -23 - -56. Suppose -7 = -5*b + c. Calculate the remainder when b is divided by o.
2
Suppose 5*p - 42 = 83. Let u = -14 - -12. What is the remainder when p is divided by (u/(-6))/((-1)/(-27))?
7
Let a = -31 + 46. What is the remainder when (10/15)/(4/354) is divided by a?
14
What is the remainder when (52/(-10))/(10/(-25)) is divided by 8?
5
Let o(x) = x**3 + 5*x**2 - 5*x + 3. Let p be -3*(1/(-3) + 0). Suppose -3*d = -4*j - 4 - p, -5*d + 4*j = 5. Calculate the remainder when o(d) is divided by 10.
8
Calculate the remainder when 8 - (0 - -1) - 1 is divided by (-20)/12*18/(-10).
0
Suppose 3*x + 26 = 5*x. Calculate the remainder when 23 is divided by x.
10
Suppose -6*b + 2*b + 12 = 0. Suppose 4*x + 0*x - 12 = 0, b*x = 3*z - 51. Suppose -3*r = 2 - z. What is the remainder when 17 is divided by r?
5
Let x(l) = 5*l - l**3 + 1 - 6*l**2 + 4 - 6. What is the remainder when 48 is divided by x(-7)?
9
Suppose -5*w + 84 = -w. Calculate the remainder when w is divided by 12.
9
Let s(m) = -4*m**3. Let x be (4/(-3))/((-4)/6). Suppose 0 = x*j - 6*j - 4. What is the remainder when 6 is divided by s(j)?
2
Let j be (-5 - 2) + (1 - -1). Let d(p) = p**3 + 3*p**2 - p + 4. Let n be d(-4). Let m = j - n. Calculate the remainder when 8 is divided by m.
2
Suppose -4*p = 8, -3*z = -3*p - 0*p - 15. Suppose 2*o = -6*u + 3*u + 18, -o = z*u - 15. Calculate the remainder when 5 is divided by u.
1
Suppose -p = -24 + 1. What is the remainder when ((-6)/(-15))/((-2)/(-340)) is divided by p?
22
Let f = -2 + 2. Suppose -3*r - 30 = -4*h + 2, 2*h + 4*r = 38. Suppose 3*l + 39 = 3*p - f*l, -h = p + 5*l. What is the remainder when 26 is divided by p?
8
Let y(i) = -i**2 + 8*i + 11. Let g be y(9). Suppose -34 = -g*c - 10. Let x(u) = -4*u - 14. Calculate the remainder when x(-9) is divided by c.
10
Let v(y) = y**2 + 9. Suppose 2*o + 1 = 11. Suppose -2*x = -37 + o. Calculate the remainder when x is divided by v(0).
7
Suppose 2*s - 1 - 19 = -5*f, -f + 1 = s. Suppose -f*k = -11*k + 150. Calculate the remainder when k is divided by 8.
6
Suppose l = -4*w + 10, 2*l + 0*w + 2*w = 20. Suppose -l - 26 = -3*j. What is the remainder when j is divided by 5?
2
Suppose -k - 79 = -4*y, 3*y - 51 = -0*y - 2*k. Calculate the remainder when 94 is divided by y.
18
Suppose 0 = -2*q + 3*q + 5. Let i = 15 + q. Let k(m) = -m**3 - 6*m**2 - 5*m + 6. Calculate the remainder when i is divided by k(-5).
4
Let j(d) = 2 + 1 + d**2 - 2. Suppose 0 = 4*r - 36 - 40. Calculate the remainder when j(-6) is divided by r.
18
Calculate the remainder when 49 is divided by -2 + 11 + 0 + 4.
10
Let w(j) = -j + 34. What is the remainder when w(12) is divided by 6?
4
Suppose -26*l + 20*l + 402 = 0. What is the remainder when l is divided by 24?
19
Let s = -40 - -69. Calculate the remainder when s is divided by 5.
4
Suppose 3*z - 123 + 579 = 0. Let q = -43 - z. Calculate the remainder when q is divided by 37.
35
Let p = -3 + 5. What is the remainder when 12 is divided by 3/6 - (-13)/p?
5
Suppose -2*v + 3 = -5. Suppose -l + 20 = v. Calculate the remainder when 60 is divided by l.
12
Let d(n) = 7 - n - n + 3*n. What is the remainder when (-5 + 3)*25/(-2) is divided by d(6)?
12
Let r(l) = 2*l + 5. Let p be r(4). Calculate the remainder when 63 is divided by p - (-6 + 3 - 0).
15
Let r be (0 - 62)*6/(-4). Suppose -32 = -5*p + r. Suppose 5*h + 2*s = 245, -h + 77 - p = s. Calculate the remainder when h is divided by 16.
15
Suppose -180 = -i + 2*c - c, -i + 2*c = -180. What is the remainder when i is divided by 26?
24
Let k(w) = -2*w**2 - 8*w + 3. Let c be k(-6). Calculate the remainder when 28 is divided by (-2)/(-6) - 203/c.
8
Let r be ((-1)/2 + 0)*-10. Suppose -r*i - 113 = -3*w, 0*i + 2*i + 101 = 3*w. Suppose -6 = -a + 5. Calculate the remainder when w is divided by a.
9
Suppose 7 - 1 = -5*h - 2*m, h - 8 = -5*m. Let o(y) = -2*y**3 + y**2 + y + 1. What is the remainder when o(h) is divided by 7?
5
Let l(n) = n**3 + 12*n**2 + 4. Suppose 8 = -4*j - 4*g, 5*j + 0*g = -4*g - 6. Calculate the remainder when l(-12) is divided by j.
0
Calculate the remainder when 113 is divided by -4 + 30 + 1 - 4.
21
Suppose -s = 3*s + 20. Let n = 7 + s. What is the remainder when 3 is divided by n?
1
Suppose 4*h - 14 = -q - q, -h + 2 = 0. What is the remainder when 5 is divided by q?
2
Let o = 55 + -31. Calculate the remainder when 47 is divided by o.
23
Let s(j) = 12*j - 54. What is the remainder when 167 is divided by s(8)?
41
Let z = 13 - -40. Calculate the remainder when z is divided by 14.
11
Let f = -132 + 135. What is the remainder when 7 is divided by f?
1
Let i = -12 - -36. Calculate the remainder when i is divided by 12 + (-2)/(-1 + -1).
11
Let u(o) = 4*o - 2. Let q be u(2). Let m = -18 + 20. What is the remainder when (-1 + 16)*2/q is divided by m?
1
Let j(g) = -g + 22. Let o = 74 - 26. Suppose w + 32 = 3*f - 16, -3*f + o = -4*w. Calculate the remainder when j(-8) is divided by f.
14
Let b(z) = -6*z - 1. Let k be b(-1). Let g be 24/30*k/2. Suppose -g*r = r - 18. Calculate the remainder when 16 is divided by r.
4
Calculate the remainder when ((-75)/4)/(2/(-8)) is divided by 19.
18
What is the remainder when 39 is divided by (3 + -2)*(3 + 11)?
11
Let x(v) = 7*v**2 + 3*v + 8. Let l(f) = -8*f**2 - 2*f - 9. Let u(y) = 6*l(y) + 7*x(y). Calculate the remainder when 5 is divided by u(-9).
1
Suppose 8 = i + k - 17, 5*i + 2*k = 125. Calculate the remainder when i is divided by -2 - (-15 + 0)*1.
12
Suppose v + 2*v - 171 = 0. Suppose -h - 35 = 3. Let z = -23 - h. What is the remainder when v is divided by z?
12
Suppose -5*q = 5*l - 6 - 9, 4*q - 2*l - 12 = 0. Let o(f) = -f**3 + 4*f**2 + f - 2. Let v = 36 + -18. Calculate the remainder when v is divided by o(q).
8
What is the remainder when (-5)/(-30) + -11*(-146)/12 is divided by 35?
29
Calculate the remainder when -1 + (-2 - 1) - -32 is divided by 10.
8
Suppose -2*o - 6 = 0, -2 = -2*z + 4*z + 4*o. Let a(g) be the second derivative of 13*g**3/6 - g**2/2 - 2*g. What is the remainder when a(z) is divided by 22?
20
Suppose -3*c + c = -30. Let t = 2 - 10. Calculate the remainder when 4/(t/14)*-4 is divided by c.
13
Suppose -5*h - 27 = 2*s, -3*h - 2*s - 8 = 5. What is the remainder wh